{"id":2237,"date":"2025-10-19T08:26:13","date_gmt":"2025-10-19T13:26:13","guid":{"rendered":"https:\/\/edroz.pe\/venecia\/?post_type=product&#038;p=2237"},"modified":"2025-10-19T08:26:13","modified_gmt":"2025-10-19T13:26:13","slug":"nihuil","status":"publish","type":"product","link":"https:\/\/edroz.pe\/venecia\/producto\/nihuil\/","title":{"rendered":"Nihuil"},"content":{"rendered":"<p>MOTOR: Interno 6&#8243; de bajo nivel sonoro.<\/p>\n<p>COMANDO: Pulsante.<\/p>\n<p>ILUMINACI\u00d3N: 1-2 x 11w.<\/p>\n<p>ACABADO: Acero inoxidable esmerilado.<\/p>\n<p>CUBRE CA\u00d1O: Extensible.<\/p>\n<p>FILTRO: Met\u00e1lico lavable.<\/p>\n<p>GARANTIA: 2 A\u00f1os<\/p>\n","protected":false},"excerpt":{"rendered":"<p>MOTOR: Interno 6&#8243; de bajo nivel sonoro. COMANDO: Pulsante. ILUMINACI\u00d3N: 1-2 x 11w. ACABADO: Acero inoxidable esmerilado. CUBRE CA\u00d1O: Extensible. FILTRO: Met\u00e1lico lavable. GARANTIA: 2 A\u00f1os<\/p>\n","protected":false},"featured_media":2240,"comment_status":"open","ping_status":"closed","template":"","meta":{"_joinchat":[]},"product_brand":[],"product_cat":[58],"product_tag":[],"class_list":{"0":"post-2237","1":"product","2":"type-product","3":"status-publish","4":"has-post-thumbnail","6":"product_cat-campanas","8":"first","9":"instock","10":"sale","11":"shipping-taxable","12":"purchasable","13":"product-type-simple"},"_links":{"self":[{"href":"https:\/\/edroz.pe\/venecia\/wp-json\/wp\/v2\/product\/2237","targetHints":{"allow":["GET"]}}],"collection":[{"href":"https:\/\/edroz.pe\/venecia\/wp-json\/wp\/v2\/product"}],"about":[{"href":"https:\/\/edroz.pe\/venecia\/wp-json\/wp\/v2\/types\/product"}],"replies":[{"embeddable":true,"href":"https:\/\/edroz.pe\/venecia\/wp-json\/wp\/v2\/comments?post=2237"}],"wp:featuredmedia":[{"embeddable":true,"href":"https:\/\/edroz.pe\/venecia\/wp-json\/wp\/v2\/media\/2240"}],"wp:attachment":[{"href":"https:\/\/edroz.pe\/venecia\/wp-json\/wp\/v2\/media?parent=2237"}],"wp:term":[{"taxonomy":"product_brand","embeddable":true,"href":"https:\/\/edroz.pe\/venecia\/wp-json\/wp\/v2\/product_brand?post=2237"},{"taxonomy":"product_cat","embeddable":true,"href":"https:\/\/edroz.pe\/venecia\/wp-json\/wp\/v2\/product_cat?post=2237"},{"taxonomy":"product_tag","embeddable":true,"href":"https:\/\/edroz.pe\/venecia\/wp-json\/wp\/v2\/product_tag?post=2237"}],"curies":[{"name":"wp","href":"https:\/\/api.w.org\/{rel}","templated":true}]}}